+ 0 + -10?
1
-9 + 1 - (-20 + 4 + 14) - 3
-9
What is the value of -13 + 24 - (-5 - (-32 + 9))?
-7
-4 - (0 - (4 - -8) - -8) - -1
1
Evaluate 7 + -14 + (3 - -1).
-3
Evaluate 36 - (-11 + -31 - -93).
-15
What is the value of 0 + 1 + 1 - (-7 + 8 + 3)?
-2
What is the value of -4 - (-10 - -8 - 3)?
1
-26 - -2 - (-696 - -675)
-3
What is the value of 2 + (-26 - (-63 - -27))?
12
1 - (-1 - 1) - (-2016 + 2022)
-3
-28 - (6 + (-34 + 3 - -13))
-16
What is the value of -13 + (0 + -3 - -11) + -6?
-11
What is 10 + (3 + -14 - 0 - 5)?
-6
(-4 - 18) + 4 + (-392 - -403)
-7
What is the value of 18 - (-10 - (15 - 24) - (-1 + 0))?
18
Calculate -123 - -143 - (-3 + 29).
-6
Evaluate -279 - -289 - (21 - -1).
-12
Evaluate 6 + (-8 - 9 - -3) + 0 + 0.
-8
Evaluate -5 + 0 - (35 + -36).
-4
(1 - (-13 + 9) - 12) + 1 + 6
0
8 + -5 + (-7 + 5 - -6)
7
Evaluate -1 + -3 + (-137 - -134).
-7
-3 + (-18 + (-4 - -5) + 5 - -45)
30
What is 0 + -13 - (74 - (23 - -51))?
-13
What is the value of -1 + 13 + (-35 - -33) + -8?
2
Calculate ((-3 - 6) + 5 - (-8 + 7)) + -3.
-6
Calculate 149 + -152 + 13 + -1.
9
What is the value of (7 - 11) + -8 + 7 + 0 + -10?
-15
What is the value of -357 - -355 - (-4 - (1 + 1))?
4
Calculate -17 - (-1 + -5 + 5 + 5 - 8).
-13
Calculate -10 + 13 + -7 + (-40 - -31).
-13
-7 - (-11 + 8 + (-1 - 10))
7
(41 + -17 - 33) + -19
-28
-5 - 6 - -6 - -20
15
Evaluate 9 - (15 - -1) - 6.
-13
Calculate (7 + 3 - 26) + 2.
-14
What is 21 - (5 - ((7 - 13) + 1)) - -13?
24
What is 0 + 0 - (7 - 1 - (-5 + 8))?
-3
What is the value of 2 + (7 - -1) + -18 + 22?
14
What is the value of (4 - 8) + 30 + -46?
-20
5 + ((-4 - 0) + -13 - (5 - 2))
-15
What is the value of -1 - (1 + 2 - 5 - -3 - -9)?
-11
Calculate 103 - 97 - (13 + 2).
-9
(-14 - (9 - 15)) + 3 + 1 + -7
-11
What is the value of -6 - (-35 + 41 + (-4 + -2 - -1))?
-7
-2 + -1 - (-26 + 10 + 8 + -4)
9
Evaluate -1 + (-4 + 0 - -8).
3
-7 - -1 - ((19 - 11) + 0 + -4)
-10
Evaluate 11 - (27 + (-35 - -19)).
0
Calculate 3 - 8 - 7 - -9 - -2.
-1
Evaluate (1 - (2 + -12)) + 44 + (11 - 58).
8
Evaluate -9 + 0 + (71 - 62) - (26 + -5).
-21
What is 14 + -14 - (4 + -8 - (-1 - 7))?
-4
What is -8 - 12 - -26 - (-1 + 39 - 4)?
-28
What is -4 + (-5 + -1 - -1) + 0 + 6?
-3
What is the value of (-3 - -10) + -22 + (-2 - (-2 - -3))?
-18
What is 11 + (25 + -44 - -29)?
21
Evaluate 14 + -7 + -10 - 8.
-11
Evaluate -12 + (5 - -9) - (-2 - -8).
-4
3 - (0 - -14) - (-54 + 58)
-15
What is the value of 20 + -57 + 1 + 17?
-19
What is the value of 1 - ((2 - -6 - 12) + -8)?
13
-7 + (38 - 14 - 6)
11
-22 + 19 + 17 - (-11 + (3 - 0))
22
Calculate 27 + (-34 - -2) + 3 + 1.
-1
What is 21 + -12 + (-1 - 2)?
6
5 + -14 + 5 + 4 - 12
-12
Evaluate (-30 - 0) + -3 + -7 + (15 - 8).
-33
Calculate (54 - 48) + (-3 - 5 - -5) + -5.
-2
What is -5 - (10 + -2) - (30 + -27)?
-16
Evaluate 22 + 29 + -106 - -27.
-28
What is the value of 19 + -1 - (2 + -17 + 17)?
16
What is the value of -98 - -95 - (2 + -1 + (2 - 2))?
-4
Evaluate (11 - 2) + -16 + -2 + -3 + 13.
1
Calculate (-44 - 1) + 40 + 1 + -4 + 0.
-8
15 + -15 + 10 + 2
12
What is 38 + 17 + (-10 - 11) + -3 + 1?
32
What is the value of 11 - (13 + -2 + 1)?
-1
Evaluate 5 - (-5 + (4 - -4 - 11)).
13
-4 + (-7 - (1 + 9 - 15))
-6
What is 0 - 2 - (-4 + (18 - 27 - -4))?
7
35 + -17 + -9 - (23 - -3)
-17
Calculate (28 - (11 - 9 - -8)) + -6.
12
Evaluate 38 + (6 - (65 - 44)).
23
Evaluate (1 - 28) + (-55 - (-9 - 50)).
-23
What is the value of -21 + -4 + -6 + (-7 - (-9 + -8))?
-21
What is the value of 55 - 53 - (7 + 0) - 8?
-13
-1 + (-2 - -12) - (1681 - 1682)
10
-5 + (-18 + -2 - -21)
-4
What is 22 + (-10 - (-12 + 18))?
6
Evaluate (12 - -1) + 327 + -335.
5
Evaluate 0 + -2 - (27 - 35 - (-6 + 2)).
2
Evaluate -3 - (0 - 1 - 1) - (23 + -42).
18
Evaluate 21 - (-22 + 65 + -25).
3
What is the value of -12 + 24 + 20 + -18 + 3?
17
Evaluate (-22 - -3 - (-58 + 5)) + (-1 - 4).
29
Evaluate 6 + (29 - (69 - 30)).
-4
What is (2 - 14) + (-5 - -5)?
-12
Calculate (13 - (-4 + (3 - -9))) + (7 - 4).
8
What is the value of 28 + -28 + 24 - (-1 + -2 + 1)?
26
Evaluate 1 - (4 - (3 - (10 + 1))).
-11
Calculate 45 + -35 + -12 - (-2 - -4 - -6).
-10
What is 73 + -58 + (4 - 21)?
-2
-8 + 3 + -2 + -2 + 10
1
Evaluate (0 - (-3 - (-6 + 5 + 4))) + 0.
6
-17 - (-17 + -21 - -13)
8
What is the value of -25 - -2 - (-140 + 141)?
-24
(-18 - (-3 - -3) - (10 - 19)) + 15
6
Evaluate -191 + 191 - (-6 + 0).
6
What is the value of -35 - (-69 + 27 + 31)?
-24
Calculate -6 + (38 + -33 - (10 - 0)).
-11
(-22 - -5) + 77 - 28
32
Evaluate -63 + 69 - ((14 - 2) + -2) - -29.
25
-2 + -25 + 35 - (4 - -1)
3
-4 + -4 + (4 - (-10 - -7))
-1
What is (-8 - -32) + 6 + -22 - (1 - -6)?
1
What is the value of -8 - (-8 + 10 - 0)?
-10
What is (22 - 11 - (19 + -4)) + (-8 - -1)?
-11
Calculate 8 - (-5 + (-5 - -20)).
-2
Evaluate -13 - -6 - (-23 + -1 - -8) - 27.
-18
What is 14 + (16 - 29 - -7) - (-1 - -3)?
6
Calculate -8 + -3 + 1 + (-29 - -53) + -7.
7
Calculate -7 + 1 - (-15 - (6 + -31)).
-16
-11 - -25 - 15 - 7
-8
What is 6 - (4 + -9 + 8)?
3
Evaluate 2 - -9 - (-1 - -18).
-6
What is 3 - (2 - 3) - (-17 + (0 - -12))?
9
Calculate -3 - (-16 + 18) - (0 + -12).
7
-17 - -2 - -8 - 6
-13
(8 - 8) + 15 + -2
13
Evaluate -27 + 29 - (-2 - -1 - (-3 - 5)).
-5
-9 + 6 - -14 - 45
-34
Evaluate -14 - (-3 - -3) - (291 - 326).
21
Evaluate (78 - 123) + -4 + 0 + 19.
-30
Evaluate 1 + 3 + (-8 - 4) - 1.
-9
Evaluate (-4 + 3 - -8) + (6 - 13) - 2.
-2
Calculate (0 - (4 + 10 - -2)) + (3 - -2).
-11
What is -59 + -25 + 75 + 4 + (1 - 0)?
-4
What is -4 + -12 + 18 + (-4 - -1)?
-1
Calculate 1 - (-3 - ((-8 - -5) + 22 + -8)).
15
Calculate 0 - 30 - (3 + (-34 - -14) - -8).
-21
Calculate 1 + (-4 - -19) - 2.
14
What is the value of 28 + (-6 - -2) - 21?
3
Calculate (1 - 12) + (72 - 64) + 0.
-3
0 - -1 - (-1 + 8 + -8)
2
-9 + 12 + -12 + 16
7
Evaluate 39 + -37 + (0 - 0) + 2 + 23.
27
-29 + (20 - -28) + -11
8
Evaluate (-24 - -16) + 2 + 0 + 1 - 2.
-7
Evaluate 7 + -9 - ((4 - 4) + -5 + -10).
13
(-5 - -2) + -1 + -7
-11
What is (-28 - (14 + -28) - -14) + -12?
-12
Calculate 45 - 35 - (-25 + 3).
32
12 - 10 - (4 + (-2 - (3 - 1)))
2
Calculate (52 - 10) + -19 + -3.
20
Calculate 1008 + -1026 + (1 - -10).
-7
What is the value of (-17 - (-11 + 11 + -8)) + 4?
-5
(334 - 322) + 11 + (3 - 1)
25
11 + -9 + 11 + (8 - 34) + 6
-7
Calculate -8 + -27 + 31 - (1 + (10 - -1)).
-16
What is the value of 0 + (-2 - 0 - (-5 + 13 - 12))?
2
(-30 - -10) + 0 + 1 + 9
-10
What is the value of (17 - -20) + -11 + -38?
-12
Calculate -2 + 0 - (-6 + (-2 - 0)).
6
Calculate (-8 - (6 + -8 + -1 + -2)) + -21.
-24
Calculate -9 - (17 - (-10 - -23)).
-13
Evaluate -8 - (-5 + -8) - 6 - (-3 - 2).
4
What is (3 - (7 + -10)) + 10?
16
What is 31 + (-5 + -23 - -24)?
27
Calculate (-20 - (-69 - -22)) + -41.
-14
Calculate -10 + 2 + (-6 - (26 + -18)) + 36.
14
What is 8 - (32 + -2 + -13)?
-9
What is the value of 12 + 17 + -20 + 3?
12
Calculate -18 - (32 + -89 - -26).
13
Calculate -24 + 45 - (-2 - -15).
8
What is the value of 2 - (-4 - -5) - (1 - (-6 + 5))?
-1
What is the value of 10 + -7 + -12 + (-2 - -28)?
17
What is -16 + 7 + 22 + -9 + 25?
29
Calculate 9 - (-4 + -1) - (37 - 25).
2
What is -13 + 1 + 6 - (20 + -12)?
-14
(-114 - -139) + (-17 - -1)
9
Calculate (2 - (11 - 1)) + (-119 - -113) - 0.
-14
-10 + 0 - -18 - -6
14
Calculate (-3 - (1 + -1)) + -13.
-16
What is the value of -9 + -14 + 27 + -1?
3
What is the value of (7 - -1 - 32) + 30?
6
-20 + 8 + -4 + 13 + -31
-34
What is 52 + -27 - 35 - (-9 + 1)?
-2
Evaluate -31 - -40 - (-5 - -19).
-5
-71 - -42 - (-7 + 0)
-22
What is 62 - 14 - 43 - 34?
-29
What is the value of (10 - -2) + (-7 - 5)?
0
Evaluate 51 - 44 - (6 + 1).
0
1 + -15 + 17 + 15
18
Calculate 33 + -24 + (-12 - (10 + -30)).
17
Evaluate 14 - (-3 - (-2 - 14)).
1
What is the value of (-17 - (-12 + 3)) + 6 + (-2 - -4)?
0
Calculate 0 - (8 + (-3 - 17) + 18).
-6
What is the value of 30 - (10 - (-7 - -13)) - 10?
16
What is 2 + 19 - (1 + 2)?
18
6 - -1 - (18 + -19)
8
Evaluate 4 + -18 + -17 + 3.
-28
5 + (6 + 12 - 13) + -11
-1
What is -3 + 0 + (5 - (33 + -17))?
-14
What is the value of 17 - 28 - (-2 + (16 - 1))?
-24
What is -11 + 22 - (32 + -16) - (-1 - -2)?
-6
Evaluate 22 - (-11 + 4 + 11 - -1).
17
-38 - (-102 - -82) - (11 - 0)
-29
Evaluate -1 - (-3 - (12 - 27)).
-13
What is 22 + -38 + 16 + 10?
10
9 - (4 + -1 - 4)
10
What is 12 + (-3 - (6 - -8))?
-5
328 + -364 - (-3 + -23)
-10
What is -10 - (-15 - -